)?
8
Suppose -2 = -3*g - 6*x + 2*x, -5*x = -g + 26. Suppose t = 5*i + 76, 5*i - 5*t + g*t = -84. What is the units digit of (-4)/i + (-27)/(-4)?
7
Let q(w) = -7 + 10 + w + 5 - 2*w. What is the units digit of q(6)?
2
Let v(i) = -i**2 + 1. Let b(f) = -4*f**3 + 5*f**2 - 2*f. Let z(d) = -b(d) - 3*v(d). Let x be z(2). Let l = x - 12. What is the tens digit of l?
1
Suppose -12 = 3*t - t. Let i(h) = h**2 + 2*h - 10. What is the tens digit of i(t)?
1
Let d(o) = 3*o**2 + 1. What is the tens digit of d(-8)?
9
Let z be (-2)/(-2) - (-3 + 3). Let n(y) = -8*y - y**2 + 13 - 2*y + z. What is the units digit of n(-11)?
3
Let r(b) = -b + 13. Let s be r(12). Let z(d) be the third derivative of 3*d**6/20 - d**5/30 + d**3/6 - 2*d**2. What is the units digit of z(s)?
7
Let t(x) = x**2 + 6*x + 4. What is the units digit of t(-7)?
1
Let k(u) = 2*u**3 + 3*u**2 - u + 2. Let p be k(-3). Let o be (-14 - 0)*(-1 - -2). Let x = o - p. What is the units digit of x?
8
Let j = -397 + 669. What is the units digit of j?
2
What is the tens digit of (-109)/(1*0/1 + -1)?
0
Let d be -4 + 2 - (-7 - -1). Suppose 0*x + 41 = 5*t - d*x, 5*x = -3*t - 5. Suppose -3*k + 3*i = 0, -k = 4*i - 15 - t. What is the units digit of k?
4
Let x(j) = -j**3 - 4*j**2 + 6. What is the tens digit of x(-5)?
3
Let r be (4/(-10))/((-2)/50). Let z = -5 + r. Suppose 1 = -x - a, a = z*x + 2*a - 7. What is the units digit of x?
2
Let o(i) = i**3 - 3*i**2 - 3*i - 1. Let w be o(4). Let h be 3/w*(-6)/(-3). What is the units digit of 1/(1/(h + 9))?
1
What is the units digit of ((-36)/(-2))/((-2)/(-9))?
1
Let u(x) be the first derivative of 7*x**3/3 - x**2/2 + 2*x + 7. What is the units digit of u(2)?
8
Let k(p) be the first derivative of -2*p**3/3 - p**2/2 + p + 2. Let g(o) = -9*o**2 - 6*o + 6. Let n(r) = 2*g(r) - 11*k(r). What is the units digit of n(1)?
4
Let g(h) = 3*h**2 - 2*h - 1. Suppose 0 = u - 3*p + 6, -3*u - 2*p = 2 - 6. Suppose 5*a - 4*i - 2 = 0, 3*i = -u*a + 4*a - 2. What is the units digit of g(a)?
7
Suppose 4*i = -3*k + 55 + 9, 7 = i + 3*k. What is the units digit of i?
9
Let r be 43/(-3) - (-1)/3. Let u be (r/3)/((-6)/9). Suppose -4*l + 43 = 3*o, -2*o - 32 = -l - u*o. What is the units digit of l?
7
Suppose -2*k - 25 = -2*l - 5*k, -2*l - 2*k + 26 = 0. Suppose -43 - 89 = -4*v. Let z = v - l. What is the units digit of z?
9
Suppose -3*a = -2*a + 3*b - 119, 2*a - 5*b = 293. What is the hundreds digit of a?
1
Suppose -20 = -2*j + 32. Suppose 3*t - 30 - 32 = -5*m, -4*m - j = -3*t. What is the tens digit of t?
1
Suppose 2 = y - 0. Let b(m) = 6*m + y - 4*m + m**2 + 4*m. What is the units digit of b(-6)?
2
Suppose -5*x - 6*v + 287 = -3*v, x = 4*v + 62. What is the tens digit of x?
5
Suppose 365 = 5*c - 95. Suppose 5*m = 8 + c. Suppose 0 = 5*t + m, t - 2 = 3*z - 5*z. What is the units digit of z?
3
Let y be (1 + -4)/(-1) - 1. Suppose -2*d - y*d = 2*m - 150, -d + 2*m + 25 = 0. Suppose -5*a - l - 2*l = -d, -3*a = -2*l - 21. What is the units digit of a?
7
Suppose -4*x = -8*m + 3*m + 542, -3*m + x + 328 = 0. What is the units digit of m?
0
Let v = 50 - 74. Let i = -8 - v. What is the units digit of i?
6
Let r(n) = 2*n - 10. Let c be r(12). Let g = c + 31. What is the units digit of g?
5
Let d(j) = j**2 + 13*j - 30. What is the tens digit of d(-20)?
1
Let j be (11 + -1)/(1 - -1). Let l(x) = -x**3 + 4*x**2 + 7*x - 5. What is the units digit of l(j)?
5
Suppose 85 + 30 = -5*c. Let p = 37 + c. What is the tens digit of p?
1
Suppose 0 = -5*r + 52 - 2. Suppose n + r = 4*z - 13, -4*n = z - 10. What is the units digit of z?
6
Suppose 2*a - 2*p - 140 = -2*a, 29 = a - 2*p. What is the tens digit of a?
3
Let y = -31 + 56. Let j = y - 17. What is the units digit of j?
8
Let g be (-2)/(2 + 4/(-3)). Let b(p) = -4 - 3*p**2 - p + 6*p**2 + 4*p + 0*p. What is the units digit of b(g)?
4
Let p(j) = 37*j**3 - 4*j + 5*j - 12*j**3 + 1. Let c be p(-1). Let b = -18 - c. What is the units digit of b?
7
Suppose 0 = u - 5*u - 3*b + 231, 5*u + b = 275. What is the units digit of u?
4
Let r(f) = 6*f**2 + 42*f + 8. What is the units digit of r(-7)?
8
Let i = 4 - 1. Let h = i + -1. Suppose 0*j = -j - 4*b - 3, j = -h*b - 1. What is the units digit of j?
1
Let r(j) = -2*j - 5. Let m be r(-4). Let w = m - -1. What is the units digit of w?
4
What is the units digit of -2 - (-60 - 1/1)?
9
Let b(f) = -f**3 + 14*f**2 + 4*f + 20. What is the tens digit of b(13)?
4
Let o(p) = p - 50. Let v(z) = -10. Let y(k) = -2*o(k) + 11*v(k). What is the units digit of y(-8)?
6
What is the tens digit of -3*2/(12/22*-1)?
1
Let w(g) = g**3 + 6*g**2 - 3*g + 2. What is the tens digit of w(-5)?
4
Suppose -6 = 5*c + 4. Let r = 2 - c. Suppose r*n - 67 = -2*z - z, -5*z + 100 = -5*n. What is the tens digit of z?
2
Suppose -4*r = -5*r + 6. Let l = r - -10. What is the units digit of l?
6
Let b(f) = -f**3 - 7*f**2 + 7*f. Let g be b(-8). Let y = -5 + g. Suppose -q + 2*c + 14 = 0, y*q + c - 47 = -q. What is the tens digit of q?
1
Suppose -2 = 7*k - 6*k. What is the units digit of (-3 - 6/4)*k?
9
Let a(o) = -o**3 - o**2 - o - 1. Let i be a(-2). What is the units digit of i + -1 - 6/3?
2
Let a(z) be the third derivative of -z**4/24 - z**3/2 - 2*z**2. Suppose 0 = 2*p + 2 + 6. What is the units digit of a(p)?
1
Suppose 2*h + 1 = -3, -5*v + 264 = -2*h. What is the units digit of v?
2
Let f be ((-8)/6)/(10/(-15)). Suppose 5*r = -2*p + 55, 2*p + 3*r - 43 = f*r. What is the units digit of p?
0
Suppose -5*y + 48 = -47. Suppose 3*o = 20 + y. What is the tens digit of o?
1
Let f = 107 - 41. What is the units digit of f?
6
Let q be 2*(14/(-4) - -2). Let g = q + 5. Let y(p) = p - 1. What is the units digit of y(g)?
1
Let r(g) = -g**3 - 9*g**2 - 12*g - 11. Let m be r(-8). Let d = -2 + m. What is the units digit of d?
9
Suppose 4*u - 3*u = -5*a + 32, 41 = 5*a - 2*u. Suppose -2*c - 75 = -a*c. What is the tens digit of c?
1
What is the units digit of -3 + (-4)/4*-23?
0
Suppose 0 = 3*x - 8 - 136. What is the units digit of x?
8
Suppose 0 = -d + 5 - 6. What is the units digit of d*(-6 - (1 + -2))?
5
Suppose 2*m - f = -0*f + 5, -4*m + 4*f = -16. Let x = -5 - -7. Let s = x + m. What is the units digit of s?
3
Let a be (-2)/5 + (-154)/(-10). Let j be 8/4*33/6. Let w = a - j. What is the units digit of w?
4
Let o(i) = 3*i**2. Let s be o(1). Suppose 9 = 3*y, 2*z + 0*y - 29 = -3*y. Suppose -l - s*r = 1, -6*l + z = -3*l - 4*r. What is the units digit of l?
2
Let t(u) = -u**3 + 4*u**2 + 1. Let z(m) = m - 4. Let r be z(8). Let v be t(r). What is the units digit of ((-18)/8)/(v/(-4))?
9
Let d be 1/(-4) - (-85)/20. Suppose -d*k + k = 0. Suppose k = -10*n + 5*n + 25. What is the units digit of n?
5
Suppose 0 = o - 6*o - 70. Let j = o - -42. What is the tens digit of j?
2
Let r = 31 - -30. What is the tens digit of r?
6
What is the tens digit of (45/(-20))/((-2)/40)?
4
Let y(t) = 3*t**2 - 6*t + 9. What is the units digit of y(5)?
4
What is the units digit of -2 + 1 + 3 + -1?
1
Let a(k) = -31*k - 115. What is the units digit of a(-9)?
4
Suppose -7 = -4*r + 5*a + 4, -6 = 2*a. Let p = r - -7. What is the units digit of p?
6
Let l(w) = 159*w**2 - 6*w - 7. What is the hundreds digit of l(-1)?
1
Let r be 8/100*5*15. Suppose -r*o + 2*o = -q + 34, 5*q - 3*o = 170. What is the tens digit of q?
3
What is the tens digit of (7 - 3)/(5/75)?
6
Let x(z) = z + 1. Let k be x(0). Let a(c) = 2*c**3 + 2*c**2 - 3*c**3 - c - k + 2*c**3. What is the units digit of a(-2)?
1
Let k = -5 - -8. Let a = -11 - -14. What is the units digit of k - (-1 + -1 + a)?
2
Suppose g = -2*p + 224 + 33, -2*g = p - 529. What is the hundreds digit of g?
2
Let h = 37 + 0. Let s = h - 18. What is the units digit of s?
9
Let q = -11 - -21. Let p be (q/(-4))/5*-4. What is the units digit of 3*p - (-3 + 3)?
6
Let a be (2/3)/(2/(-6)). What is the units digit of 3/(-6)*(-6 - a)?
2
Let s(b) = -b**2 - 22*b - 38. What is the units digit of s(-11)?
3
Let b(w) = 2*w**2. Suppose 0 = -5*x + 2*z + 15, 9*z = 4*z - 25. Let y be b(x). Suppose -2*h + q - y*q = -13, -2*q - 9 = -3*h. What is the units digit of h?
5
Let f = 3 - 1. Suppose -5*l - 42 = -f*l. Let q = l - -23. What is the units digit of q?
9
Suppose 2 = -2*l + 8. Suppose -2*u = 2*p + 8, -l*u - p + 2*p - 16 = 0. What is the tens digit of (u/(-2))/(2/8)?
1
Let t = 10 - 6. Suppose 0 = -5*k, 4*k = 2*b - 6 - 2. Supp